{"id":3982,"date":"2025-10-28T14:15:38","date_gmt":"2025-10-28T13:15:38","guid":{"rendered":"https:\/\/irtnanoelec.fr\/?post_type=evenement&#038;p=3982"},"modified":"2025-11-07T12:16:54","modified_gmt":"2025-11-07T11:16:54","slug":"3982","status":"publish","type":"evenement","link":"https:\/\/irtnanoelec.fr\/en\/evenement\/3982\/","title":{"rendered":"Croissance de III-As, Sb, P sur Si(100) 300 mm pour l\u2019int\u00e9gration dans des dispositifs nano\/opto\u00e9lectroniques"},"content":{"rendered":"    <section class=\" section-block push-edito \" id=\"block-block_fdba14b8c301c92926bc1b163d08aea1\">\n        <div class=\"container\">\n            <div class=\"flex gap-6 items-center flex-md-column-reverse flex-row-reverse\">\n                                <div class=\"bg-neutral-0 z-9 flex justify-center flex-column col-sm-12 flex-1\">\n                    <h2 class=\"heading-m neutral-800 mb-4\"><span class=\"block mb-6 h-4 w-64 bg-brand-lightest\"><\/span>Webinaire : novembre 2025<\/h2><div class=\"description\"><p>La croissance de mat\u00e9riaux III-As, III-Sb et III-P sur des plaquettes Si(100) de 300 mm ouvre la voie \u00e0 l\u2019int\u00e9gration de dispositifs nano- et opto-\u00e9lectroniques sur silicium. En combinant les propri\u00e9t\u00e9s \u00e9lectroniques et optiques des compos\u00e9s III-V avec la scalabilit\u00e9 des technologies Si, il devient possible de d\u00e9velopper des dispositifs performants pour la photonique, les technologies quantiques et l\u2019\u00e9lectronique avanc\u00e9e. Nos travaux portent sur le contr\u00f4le des d\u00e9fauts, la gestion des contraintes li\u00e9es au d\u00e9saccord de r\u00e9seau cristallin et l\u2019uniformit\u00e9 sur grande surface, afin de permettre l\u2019int\u00e9gration des III-V dans des d\u00e9monstrateurs de type \u00e9metteurs et photod\u00e9tecteurs compatibles avec les technologies micro\u00e9lectroniques avanc\u00e9es. D\u00e9veloppements men\u00e9s par le CNRS et le CEA-Leti dans le cadre du programme Photonic Sensors de l\u2019IRT Nanoelec.<\/p>\n<\/div>                        <div class=\"links-wrap mt-6 gap-4 flex flex-wrap\">\n                            <a href=\"https:\/\/www.youtube.com\/watch?v=NI99KgUBBIs\" class=\"bg-brand-default button text-white\" target=\"_blank\" rel=\"noopener\">Replay disponible<\/a>                        <\/div>\n                                    <\/div>\n                \n                   \n            <\/div>\n        <\/div>\n    <\/section>\n\n\n    <div class=\"spacer hide-md h-20\"><\/div>\n    <div class=\"spacer hide show-md h-20\"><\/div>\n\n\n    <section class=\"section-normal embed-youtube \">\n        <div class=\"container\">\n            <div class=\"wrapper-youtube-embed\">\n                <iframe loading=\"lazy\" title=\"[Webinaire] Croissance de III-As, Sb, P sur Si(100) 300 mm pour l\u2019int\u00e9gration h\u00e9t\u00e9rog\u00e8ne\" width=\"640\" height=\"360\" src=\"https:\/\/www.youtube.com\/embed\/NI99KgUBBIs?feature=oembed\" frameborder=\"0\" allow=\"accelerometer; autoplay; clipboard-write; encrypted-media; gyroscope; picture-in-picture; web-share\" referrerpolicy=\"strict-origin-when-cross-origin\" allowfullscreen><\/iframe>            <\/div>\n        <\/div>\n    <\/section>\n\n\n    <div class=\"spacer hide-md h-20\"><\/div>\n    <div class=\"spacer hide show-md h-20\"><\/div>\n\n\n    <section class=\" section-normal push-edito \" id=\"block-block_052973d73812e13e9731654fae567f8a\">\n        <div class=\"container\">\n            <div class=\"flex gap-6 items-center flex-md-column-reverse\">\n                                <div class=\"bg-neutral-0 z-9 flex justify-center flex-column col-sm-12 flex-1\">\n                    <div class=\"description\"><p>Par <a href=\"https:\/\/www.linkedin.com\/in\/thierry-baron-15329513\/\" target=\"_blank\" rel=\"noopener\">Thierry Baron<\/a>, Directeur de recherche au CNRS (<a href=\"https:\/\/ltm.univ-grenoble-alpes.fr\/\" target=\"_blank\" rel=\"noopener\">Laboratoire des technologies de la micro\u00e9lectronique : CNRS-UGA<\/a>). Webinaire pr\u00e9sent\u00e9 par <a href=\"https:\/\/www.linkedin.com\/in\/stephanie-gaugiran\/\" target=\"_blank\" rel=\"noopener\">St\u00e9phanie Gaugiran<\/a> (CEA), Directrice du programme <a href=\"https:\/\/irtnanoelec.fr\/programme\/programme-photonic-sensors\/\">Nanoelec\/Photonic Sensors<\/a><\/p>\n<\/div>                <\/div>\n                \n                   \n            <\/div>\n        <\/div>\n    <\/section>\n","protected":false},"featured_media":4217,"template":"","meta":{"_acf_changed":true,"inline_featured_image":false},"class_list":["post-3982","evenement","type-evenement","status-publish","has-post-thumbnail","hentry"],"acf":[],"yoast_head":"<!-- This site is optimized with the Yoast SEO plugin v27.1.1 - https:\/\/yoast.com\/product\/yoast-seo-wordpress\/ -->\n<title>Croissance de III-As, Sb, P sur Si(100) 300 mm pour l\u2019int\u00e9gration dans des dispositifs nano\/opto\u00e9lectroniques - IRT Nanoelec<\/title>\n<meta name=\"robots\" content=\"index, follow, max-snippet:-1, max-image-preview:large, max-video-preview:-1\" \/>\n<link rel=\"canonical\" href=\"https:\/\/irtnanoelec.fr\/en\/evenement\/3982\/\" \/>\n<meta property=\"og:locale\" content=\"en_US\" \/>\n<meta property=\"og:type\" content=\"article\" \/>\n<meta property=\"og:title\" content=\"Croissance de III-As, Sb, P sur Si(100) 300 mm pour l\u2019int\u00e9gration dans des dispositifs nano\/opto\u00e9lectroniques - IRT Nanoelec\" \/>\n<meta property=\"og:url\" content=\"https:\/\/irtnanoelec.fr\/en\/evenement\/3982\/\" \/>\n<meta property=\"og:site_name\" content=\"IRT Nanoelec\" \/>\n<meta property=\"article:modified_time\" content=\"2025-11-07T11:16:54+00:00\" \/>\n<meta property=\"og:image\" content=\"https:\/\/irtnanoelec.fr\/wp-content\/uploads\/2025\/10\/periodic-table-3962844_1280.jpg\" \/>\n\t<meta property=\"og:image:width\" content=\"1280\" \/>\n\t<meta property=\"og:image:height\" content=\"720\" \/>\n\t<meta property=\"og:image:type\" content=\"image\/jpeg\" \/>\n<meta name=\"twitter:card\" content=\"summary_large_image\" \/>\n<meta name=\"twitter:label1\" content=\"Est. reading time\" \/>\n\t<meta name=\"twitter:data1\" content=\"2 minutes\" \/>\n<script type=\"application\/ld+json\" class=\"yoast-schema-graph\">{\"@context\":\"https:\/\/schema.org\",\"@graph\":[{\"@type\":\"WebPage\",\"@id\":\"https:\/\/irtnanoelec.fr\/en\/evenement\/3982\/\",\"url\":\"https:\/\/irtnanoelec.fr\/en\/evenement\/3982\/\",\"name\":\"Croissance de III-As, Sb, P sur Si(100) 300 mm pour l\u2019int\u00e9gration dans des dispositifs nano\/opto\u00e9lectroniques - IRT Nanoelec\",\"isPartOf\":{\"@id\":\"https:\/\/irtnanoelec.fr\/en\/#website\"},\"primaryImageOfPage\":{\"@id\":\"https:\/\/irtnanoelec.fr\/en\/evenement\/3982\/#primaryimage\"},\"image\":{\"@id\":\"https:\/\/irtnanoelec.fr\/en\/evenement\/3982\/#primaryimage\"},\"thumbnailUrl\":\"https:\/\/irtnanoelec.fr\/wp-content\/uploads\/2025\/10\/periodic-table-3962844_1280.jpg\",\"datePublished\":\"2025-10-28T13:15:38+00:00\",\"dateModified\":\"2025-11-07T11:16:54+00:00\",\"breadcrumb\":{\"@id\":\"https:\/\/irtnanoelec.fr\/en\/evenement\/3982\/#breadcrumb\"},\"inLanguage\":\"en-US\",\"potentialAction\":[{\"@type\":\"ReadAction\",\"target\":[\"https:\/\/irtnanoelec.fr\/en\/evenement\/3982\/\"]}]},{\"@type\":\"ImageObject\",\"inLanguage\":\"en-US\",\"@id\":\"https:\/\/irtnanoelec.fr\/en\/evenement\/3982\/#primaryimage\",\"url\":\"https:\/\/irtnanoelec.fr\/wp-content\/uploads\/2025\/10\/periodic-table-3962844_1280.jpg\",\"contentUrl\":\"https:\/\/irtnanoelec.fr\/wp-content\/uploads\/2025\/10\/periodic-table-3962844_1280.jpg\",\"width\":1280,\"height\":720},{\"@type\":\"BreadcrumbList\",\"@id\":\"https:\/\/irtnanoelec.fr\/en\/evenement\/3982\/#breadcrumb\",\"itemListElement\":[{\"@type\":\"ListItem\",\"position\":1,\"name\":\"Home\",\"item\":\"https:\/\/irtnanoelec.fr\/en\/\"},{\"@type\":\"ListItem\",\"position\":2,\"name\":\"Croissance de III-As, Sb, P sur Si(100) 300 mm pour l\u2019int\u00e9gration dans des dispositifs nano\/opto\u00e9lectroniques\"}]},{\"@type\":\"WebSite\",\"@id\":\"https:\/\/irtnanoelec.fr\/en\/#website\",\"url\":\"https:\/\/irtnanoelec.fr\/en\/\",\"name\":\"IRT Nanoelec\",\"description\":\"\",\"publisher\":{\"@id\":\"https:\/\/irtnanoelec.fr\/en\/#organization\"},\"potentialAction\":[{\"@type\":\"SearchAction\",\"target\":{\"@type\":\"EntryPoint\",\"urlTemplate\":\"https:\/\/irtnanoelec.fr\/en\/?s={search_term_string}\"},\"query-input\":{\"@type\":\"PropertyValueSpecification\",\"valueRequired\":true,\"valueName\":\"search_term_string\"}}],\"inLanguage\":\"en-US\"},{\"@type\":\"Organization\",\"@id\":\"https:\/\/irtnanoelec.fr\/en\/#organization\",\"name\":\"IRT Nanoelec\",\"url\":\"https:\/\/irtnanoelec.fr\/en\/\",\"logo\":{\"@type\":\"ImageObject\",\"inLanguage\":\"en-US\",\"@id\":\"https:\/\/irtnanoelec.fr\/en\/#\/schema\/logo\/image\/\",\"url\":\"https:\/\/irtnanoelec.fr\/wp-content\/uploads\/2025\/07\/irt-nanoelec.svg\",\"contentUrl\":\"https:\/\/irtnanoelec.fr\/wp-content\/uploads\/2025\/07\/irt-nanoelec.svg\",\"width\":181,\"height\":89,\"caption\":\"IRT Nanoelec\"},\"image\":{\"@id\":\"https:\/\/irtnanoelec.fr\/en\/#\/schema\/logo\/image\/\"}}]}<\/script>\n<!-- \/ Yoast SEO plugin. -->","yoast_head_json":{"title":"Croissance de III-As, Sb, P sur Si(100) 300 mm pour l\u2019int\u00e9gration dans des dispositifs nano\/opto\u00e9lectroniques - IRT Nanoelec","robots":{"index":"index","follow":"follow","max-snippet":"max-snippet:-1","max-image-preview":"max-image-preview:large","max-video-preview":"max-video-preview:-1"},"canonical":"https:\/\/irtnanoelec.fr\/en\/evenement\/3982\/","og_locale":"en_US","og_type":"article","og_title":"Croissance de III-As, Sb, P sur Si(100) 300 mm pour l\u2019int\u00e9gration dans des dispositifs nano\/opto\u00e9lectroniques - IRT Nanoelec","og_url":"https:\/\/irtnanoelec.fr\/en\/evenement\/3982\/","og_site_name":"IRT Nanoelec","article_modified_time":"2025-11-07T11:16:54+00:00","og_image":[{"width":1280,"height":720,"url":"https:\/\/irtnanoelec.fr\/wp-content\/uploads\/2025\/10\/periodic-table-3962844_1280.jpg","type":"image\/jpeg"}],"twitter_card":"summary_large_image","twitter_misc":{"Est. reading time":"2 minutes"},"schema":{"@context":"https:\/\/schema.org","@graph":[{"@type":"WebPage","@id":"https:\/\/irtnanoelec.fr\/en\/evenement\/3982\/","url":"https:\/\/irtnanoelec.fr\/en\/evenement\/3982\/","name":"Croissance de III-As, Sb, P sur Si(100) 300 mm pour l\u2019int\u00e9gration dans des dispositifs nano\/opto\u00e9lectroniques - IRT Nanoelec","isPartOf":{"@id":"https:\/\/irtnanoelec.fr\/en\/#website"},"primaryImageOfPage":{"@id":"https:\/\/irtnanoelec.fr\/en\/evenement\/3982\/#primaryimage"},"image":{"@id":"https:\/\/irtnanoelec.fr\/en\/evenement\/3982\/#primaryimage"},"thumbnailUrl":"https:\/\/irtnanoelec.fr\/wp-content\/uploads\/2025\/10\/periodic-table-3962844_1280.jpg","datePublished":"2025-10-28T13:15:38+00:00","dateModified":"2025-11-07T11:16:54+00:00","breadcrumb":{"@id":"https:\/\/irtnanoelec.fr\/en\/evenement\/3982\/#breadcrumb"},"inLanguage":"en-US","potentialAction":[{"@type":"ReadAction","target":["https:\/\/irtnanoelec.fr\/en\/evenement\/3982\/"]}]},{"@type":"ImageObject","inLanguage":"en-US","@id":"https:\/\/irtnanoelec.fr\/en\/evenement\/3982\/#primaryimage","url":"https:\/\/irtnanoelec.fr\/wp-content\/uploads\/2025\/10\/periodic-table-3962844_1280.jpg","contentUrl":"https:\/\/irtnanoelec.fr\/wp-content\/uploads\/2025\/10\/periodic-table-3962844_1280.jpg","width":1280,"height":720},{"@type":"BreadcrumbList","@id":"https:\/\/irtnanoelec.fr\/en\/evenement\/3982\/#breadcrumb","itemListElement":[{"@type":"ListItem","position":1,"name":"Home","item":"https:\/\/irtnanoelec.fr\/en\/"},{"@type":"ListItem","position":2,"name":"Croissance de III-As, Sb, P sur Si(100) 300 mm pour l\u2019int\u00e9gration dans des dispositifs nano\/opto\u00e9lectroniques"}]},{"@type":"WebSite","@id":"https:\/\/irtnanoelec.fr\/en\/#website","url":"https:\/\/irtnanoelec.fr\/en\/","name":"IRT Nanoelec","description":"","publisher":{"@id":"https:\/\/irtnanoelec.fr\/en\/#organization"},"potentialAction":[{"@type":"SearchAction","target":{"@type":"EntryPoint","urlTemplate":"https:\/\/irtnanoelec.fr\/en\/?s={search_term_string}"},"query-input":{"@type":"PropertyValueSpecification","valueRequired":true,"valueName":"search_term_string"}}],"inLanguage":"en-US"},{"@type":"Organization","@id":"https:\/\/irtnanoelec.fr\/en\/#organization","name":"IRT Nanoelec","url":"https:\/\/irtnanoelec.fr\/en\/","logo":{"@type":"ImageObject","inLanguage":"en-US","@id":"https:\/\/irtnanoelec.fr\/en\/#\/schema\/logo\/image\/","url":"https:\/\/irtnanoelec.fr\/wp-content\/uploads\/2025\/07\/irt-nanoelec.svg","contentUrl":"https:\/\/irtnanoelec.fr\/wp-content\/uploads\/2025\/07\/irt-nanoelec.svg","width":181,"height":89,"caption":"IRT Nanoelec"},"image":{"@id":"https:\/\/irtnanoelec.fr\/en\/#\/schema\/logo\/image\/"}}]}},"_links":{"self":[{"href":"https:\/\/irtnanoelec.fr\/en\/wp-json\/wp\/v2\/evenement\/3982","targetHints":{"allow":["GET"]}}],"collection":[{"href":"https:\/\/irtnanoelec.fr\/en\/wp-json\/wp\/v2\/evenement"}],"about":[{"href":"https:\/\/irtnanoelec.fr\/en\/wp-json\/wp\/v2\/types\/evenement"}],"wp:featuredmedia":[{"embeddable":true,"href":"https:\/\/irtnanoelec.fr\/en\/wp-json\/wp\/v2\/media\/4217"}],"wp:attachment":[{"href":"https:\/\/irtnanoelec.fr\/en\/wp-json\/wp\/v2\/media?parent=3982"}],"curies":[{"name":"wp","href":"https:\/\/api.w.org\/{rel}","templated":true}]}}

Croissance de III-As, Sb, P sur Si(100) 300 mm pour l’intégration dans des dispositifs nano/optoélectroniques

<section class=" section-block push-edito " id="block-block_fdba14b8c301c92926bc1b163d08aea1">
        <div class="container">
            <div class="flex gap-6 items-center flex-md-column-reverse flex-row-reverse">
                                <div class="bg-neutral-0 z-9 flex justify-center flex-column col-sm-12 flex-1">
                    <h2 class="heading-m neutral-800 mb-4"><span class="block mb-6 h-4 w-64 bg-brand-lightest"></span>Webinaire : novembre 2025</h2><div class="description"><p>La croissance de matériaux III-As, III-Sb et III-P sur des plaquettes Si(100) de 300 mm ouvre la voie à l’intégration de dispositifs nano- et opto-électroniques sur silicium. En combinant les propriétés électroniques et optiques des composés III-V avec la scalabilité des technologies Si, il devient possible de développer des dispositifs performants pour la photonique, les technologies quantiques et l’électronique avancée. Nos travaux portent sur le contrôle des défauts, la gestion des contraintes liées au désaccord de réseau cristallin et l’uniformité sur grande surface, afin de permettre l’intégration des III-V dans des démonstrateurs de type émetteurs et photodétecteurs compatibles avec les technologies microélectroniques avancées. Développements menés par le CNRS et le CEA-Leti dans le cadre du programme Photonic Sensors de l’IRT Nanoelec.</p>
</div>                        <div class="links-wrap mt-6 gap-4 flex flex-wrap">
                            <a href="https://www.youtube.com/watch?v=NI99KgUBBIs" class="bg-brand-default button text-white" target="_blank" rel="noopener">Replay disponible</a>                        </div>
                                    </div>
                
                   
            </div>
        </div>
    </section>


    <div class="spacer hide-md h-20"></div>
    <div class="spacer hide show-md h-20"></div>


    <section class="section-normal embed-youtube ">
        <div class="container">
            <div class="wrapper-youtube-embed">
                <iframe loading="lazy" title="[Webinaire] Croissance de III-As, Sb, P sur Si(100) 300 mm pour l’intégration hétérogène" width="640" height="360" src="https://www.youtube.com/embed/NI99KgUBBIs?feature=oembed" frameborder="0" allow="accelerometer; autoplay; clipboard-write; encrypted-media; gyroscope; picture-in-picture; web-share" referrerpolicy="strict-origin-when-cross-origin" allowfullscreen></iframe>            </div>
        </div>
    </section>


    <div class="spacer hide-md h-20"></div>
    <div class="spacer hide show-md h-20"></div>


    <section class=" section-normal push-edito " id="block-block_052973d73812e13e9731654fae567f8a">
        <div class="container">
            <div class="flex gap-6 items-center flex-md-column-reverse">
                                <div class="bg-neutral-0 z-9 flex justify-center flex-column col-sm-12 flex-1">
                    <div class="description"><p>Par <a href="https://www.linkedin.com/in/thierry-baron-15329513/" target="_blank" rel="noopener">Thierry Baron</a>, Directeur de recherche au CNRS (<a href="https://ltm.univ-grenoble-alpes.fr/" target="_blank" rel="noopener">Laboratoire des technologies de la microélectronique : CNRS-UGA</a>). Webinaire présenté par <a href="https://www.linkedin.com/in/stephanie-gaugiran/" target="_blank" rel="noopener">Stéphanie Gaugiran</a> (CEA), Directrice du programme <a href="https://irtnanoelec.fr/programme/programme-photonic-sensors/">Nanoelec/Photonic Sensors</a></p>
</div>                </div>
                
                   
            </div>
        </div>
    </section>

<!-- This site is optimized with the Yoast SEO plugin v27.1.1 - https://yoast.com/product/yoast-seo-wordpress/ -->
<title>Croissance de III-As, Sb, P sur Si(100) 300 mm pour l’intégration dans des dispositifs nano/optoélectroniques - IRT Nanoelec</title>
<meta name="robots" content="index, follow, max-snippet:-1, max-image-preview:large, max-video-preview:-1" />
<link rel="canonical" href="https://irtnanoelec.fr/en/evenement/3982/" />
<meta property="og:locale" content="en_US" />
<meta property="og:type" content="article" />
<meta property="og:title" content="Croissance de III-As, Sb, P sur Si(100) 300 mm pour l’intégration dans des dispositifs nano/optoélectroniques - IRT Nanoelec" />
<meta property="og:url" content="https://irtnanoelec.fr/en/evenement/3982/" />
<meta property="og:site_name" content="IRT Nanoelec" />
<meta property="article:modified_time" content="2025-11-07T11:16:54+00:00" />
<meta property="og:image" content="https://irtnanoelec.fr/wp-content/uploads/2025/10/periodic-table-3962844_1280.jpg" />
	<meta property="og:image:width" content="1280" />
	<meta property="og:image:height" content="720" />
	<meta property="og:image:type" content="image/jpeg" />
<meta name="twitter:card" content="summary_large_image" />
<meta name="twitter:label1" content="Est. reading time" />
	<meta name="twitter:data1" content="2 minutes" />
<script type="application/ld+json" class="yoast-schema-graph">{"@context":"https://schema.org","@graph":[{"@type":"WebPage","@id":"https://irtnanoelec.fr/en/evenement/3982/","url":"https://irtnanoelec.fr/en/evenement/3982/","name":"Croissance de III-As, Sb, P sur Si(100) 300 mm pour l’intégration dans des dispositifs nano/optoélectroniques - IRT Nanoelec","isPartOf":{"@id":"https://irtnanoelec.fr/en/#website"},"primaryImageOfPage":{"@id":"https://irtnanoelec.fr/en/evenement/3982/#primaryimage"},"image":{"@id":"https://irtnanoelec.fr/en/evenement/3982/#primaryimage"},"thumbnailUrl":"https://irtnanoelec.fr/wp-content/uploads/2025/10/periodic-table-3962844_1280.jpg","datePublished":"2025-10-28T13:15:38+00:00","dateModified":"2025-11-07T11:16:54+00:00","breadcrumb":{"@id":"https://irtnanoelec.fr/en/evenement/3982/#breadcrumb"},"inLanguage":"en-US","potentialAction":[{"@type":"ReadAction","target":["https://irtnanoelec.fr/en/evenement/3982/"]}]},{"@type":"ImageObject","inLanguage":"en-US","@id":"https://irtnanoelec.fr/en/evenement/3982/#primaryimage","url":"https://irtnanoelec.fr/wp-content/uploads/2025/10/periodic-table-3962844_1280.jpg","contentUrl":"https://irtnanoelec.fr/wp-content/uploads/2025/10/periodic-table-3962844_1280.jpg","width":1280,"height":720},{"@type":"BreadcrumbList","@id":"https://irtnanoelec.fr/en/evenement/3982/#breadcrumb","itemListElement":[{"@type":"ListItem","position":1,"name":"Home","item":"https://irtnanoelec.fr/en/"},{"@type":"ListItem","position":2,"name":"Croissance de III-As, Sb, P sur Si(100) 300 mm pour l’intégration dans des dispositifs nano/optoélectroniques"}]},{"@type":"WebSite","@id":"https://irtnanoelec.fr/en/#website","url":"https://irtnanoelec.fr/en/","name":"IRT Nanoelec","description":"","publisher":{"@id":"https://irtnanoelec.fr/en/#organization"},"potentialAction":[{"@type":"SearchAction","target":{"@type":"EntryPoint","urlTemplate":"https://irtnanoelec.fr/en/?s={search_term_string}"},"query-input":{"@type":"PropertyValueSpecification","valueRequired":true,"valueName":"search_term_string"}}],"inLanguage":"en-US"},{"@type":"Organization","@id":"https://irtnanoelec.fr/en/#organization","name":"IRT Nanoelec","url":"https://irtnanoelec.fr/en/","logo":{"@type":"ImageObject","inLanguage":"en-US","@id":"https://irtnanoelec.fr/en/#/schema/logo/image/","url":"https://irtnanoelec.fr/wp-content/uploads/2025/07/irt-nanoelec.svg","contentUrl":"https://irtnanoelec.fr/wp-content/uploads/2025/07/irt-nanoelec.svg","width":181,"height":89,"caption":"IRT Nanoelec"},"image":{"@id":"https://irtnanoelec.fr/en/#/schema/logo/image/"}}]}</script>
<!-- / Yoast SEO plugin. -->

Croissance de III-As, Sb, P sur Si(100) 300 mm pour l’intégration dans des dispositifs nano/optoélectroniques - IRT Nanoelec
